{"id":131,"date":"2020-10-12T13:38:18","date_gmt":"2020-10-12T16:38:18","guid":{"rendered":"https:\/\/intelgiga.com.br\/bcommer\/?post_type=product&#038;p=131"},"modified":"2020-10-12T13:38:20","modified_gmt":"2020-10-12T16:38:20","slug":"pin-guardioes-da-galaxia","status":"publish","type":"product","link":"https:\/\/intelgiga.com.br\/bcommer\/produto\/pin-guardioes-da-galaxia\/","title":{"rendered":"Pin Guardi\u00f5es da Gal\u00e1xia"},"content":{"rendered":"<p>Pin Guardi\u00f5es da Gal\u00e1xia.<\/p>\n","protected":false},"excerpt":{"rendered":"<p>Pin Guardi\u00f5es da Gal\u00e1xia.<\/p>\n","protected":false},"featured_media":132,"comment_status":"open","ping_status":"closed","template":"","meta":[],"product_cat":[39],"product_tag":[],"_links":{"self":[{"href":"https:\/\/intelgiga.com.br\/bcommer\/wp-json\/wp\/v2\/product\/131"}],"collection":[{"href":"https:\/\/intelgiga.com.br\/bcommer\/wp-json\/wp\/v2\/product"}],"about":[{"href":"https:\/\/intelgiga.com.br\/bcommer\/wp-json\/wp\/v2\/types\/product"}],"replies":[{"embeddable":true,"href":"https:\/\/intelgiga.com.br\/bcommer\/wp-json\/wp\/v2\/comments?post=131"}],"wp:featuredmedia":[{"embeddable":true,"href":"https:\/\/intelgiga.com.br\/bcommer\/wp-json\/wp\/v2\/media\/132"}],"wp:attachment":[{"href":"https:\/\/intelgiga.com.br\/bcommer\/wp-json\/wp\/v2\/media?parent=131"}],"wp:term":[{"taxonomy":"product_cat","embeddable":true,"href":"https:\/\/intelgiga.com.br\/bcommer\/wp-json\/wp\/v2\/product_cat?post=131"},{"taxonomy":"product_tag","embeddable":true,"href":"https:\/\/intelgiga.com.br\/bcommer\/wp-json\/wp\/v2\/product_tag?post=131"}],"curies":[{"name":"wp","href":"https:\/\/api.w.org\/{rel}","templated":true}]}}