{"id":245,"date":"2020-10-22T14:29:56","date_gmt":"2020-10-22T17:29:56","guid":{"rendered":"https:\/\/intelgiga.com.br\/bcommer\/?post_type=product&#038;p=245"},"modified":"2021-09-16T00:07:13","modified_gmt":"2021-09-16T03:07:13","slug":"pinceis-makeup-harry-potter","status":"publish","type":"product","link":"https:\/\/intelgiga.com.br\/bcommer\/produto\/pinceis-makeup-harry-potter\/","title":{"rendered":"Pinc\u00e9is Makeup Harry Potter"},"content":{"rendered":"<p>kit 05 p\u00e7s &#8211; VarinhaeSGOTADOs em metal cor prata, L\u00e3 sint\u00e9tica, medidas aprox. 12cm<\/p>\n","protected":false},"excerpt":{"rendered":"<p>kit 05 p\u00e7s &#8211; Varinhas em metal cor prata, L\u00e3 sint\u00e9tica, medidas aprox. 12cm<\/p>\n","protected":false},"featured_media":246,"comment_status":"open","ping_status":"closed","template":"","meta":[],"product_cat":[39],"product_tag":[],"_links":{"self":[{"href":"https:\/\/intelgiga.com.br\/bcommer\/wp-json\/wp\/v2\/product\/245"}],"collection":[{"href":"https:\/\/intelgiga.com.br\/bcommer\/wp-json\/wp\/v2\/product"}],"about":[{"href":"https:\/\/intelgiga.com.br\/bcommer\/wp-json\/wp\/v2\/types\/product"}],"replies":[{"embeddable":true,"href":"https:\/\/intelgiga.com.br\/bcommer\/wp-json\/wp\/v2\/comments?post=245"}],"wp:featuredmedia":[{"embeddable":true,"href":"https:\/\/intelgiga.com.br\/bcommer\/wp-json\/wp\/v2\/media\/246"}],"wp:attachment":[{"href":"https:\/\/intelgiga.com.br\/bcommer\/wp-json\/wp\/v2\/media?parent=245"}],"wp:term":[{"taxonomy":"product_cat","embeddable":true,"href":"https:\/\/intelgiga.com.br\/bcommer\/wp-json\/wp\/v2\/product_cat?post=245"},{"taxonomy":"product_tag","embeddable":true,"href":"https:\/\/intelgiga.com.br\/bcommer\/wp-json\/wp\/v2\/product_tag?post=245"}],"curies":[{"name":"wp","href":"https:\/\/api.w.org\/{rel}","templated":true}]}}