{"id":793,"date":"2023-04-28T08:10:25","date_gmt":"2023-04-28T11:10:25","guid":{"rendered":"https:\/\/intelgiga.com.br\/bcommerceloja\/?page_id=793"},"modified":"2023-04-28T08:18:31","modified_gmt":"2023-04-28T11:18:31","slug":"sobre","status":"publish","type":"page","link":"https:\/\/intelgiga.com.br\/bcommerceloja\/sobre\/","title":{"rendered":"Sobre"},"content":{"rendered":"\n<div style=\"height:100px\" aria-hidden=\"true\" class=\"wp-block-spacer\"><\/div>\n\n\n\n<p class=\"has-medium-font-size\">Ol\u00e1! Somos a b commerce.<\/p>\n\n\n\n<p class=\"has-medium-font-size\">Quando come\u00e7amos com a loja n\u00e3o sab\u00edamos exatamente o p\u00fablico que quer\u00edamos contemplar ou o alcance que ganhar\u00edamos com poucos anos de loja.<br>Para voc\u00ea que est\u00e1 chegando agora saiba de uma coisa: somos uma fam\u00edlia e nossos clientes s\u00e3o uma extens\u00e3o dessa fam\u00edlia. Nos diferenciamos n\u00e3o apenas pelo nosso atendimento de qualidade mas por trazer para voc\u00ea e para sua casa os sonhos que sempre tiveram.<br>Hoje somos especializados em produtos geek, desde roupas para cosplay at\u00e9 produtos para cozinha, banheiro e quarto.<br>Quando voc\u00ea nos encontra nos eventos \u00e9 comum a frase &#8220;ahh n\u00e3o acredito que tem isso&#8221; ou &#8220;meu deus, procurei algo assim a vida toda&#8221;. O que voc\u00eas querem, n\u00f3s temos! Prazer, b commerce.<\/p>\n","protected":false},"excerpt":{"rendered":"<p>Ol\u00e1! Somos a b commerce. Quando come\u00e7amos com a loja n\u00e3o sab\u00edamos exatamente o p\u00fablico que quer\u00edamos contemplar ou o alcance que ganhar\u00edamos com poucos anos de loja.Para voc\u00ea que est\u00e1 chegando agora saiba de uma coisa: somos uma fam\u00edlia e nossos clientes s\u00e3o uma extens\u00e3o dessa fam\u00edlia. Nos diferenciamos n\u00e3o apenas pelo nosso atendimento [&hellip;]<\/p>\n","protected":false},"author":1,"featured_media":0,"parent":0,"menu_order":0,"comment_status":"closed","ping_status":"closed","template":"template-fullwidth-no-title.php","meta":{"_themeisle_gutenberg_block_has_review":false},"_links":{"self":[{"href":"https:\/\/intelgiga.com.br\/bcommerceloja\/wp-json\/wp\/v2\/pages\/793"}],"collection":[{"href":"https:\/\/intelgiga.com.br\/bcommerceloja\/wp-json\/wp\/v2\/pages"}],"about":[{"href":"https:\/\/intelgiga.com.br\/bcommerceloja\/wp-json\/wp\/v2\/types\/page"}],"author":[{"embeddable":true,"href":"https:\/\/intelgiga.com.br\/bcommerceloja\/wp-json\/wp\/v2\/users\/1"}],"replies":[{"embeddable":true,"href":"https:\/\/intelgiga.com.br\/bcommerceloja\/wp-json\/wp\/v2\/comments?post=793"}],"version-history":[{"count":4,"href":"https:\/\/intelgiga.com.br\/bcommerceloja\/wp-json\/wp\/v2\/pages\/793\/revisions"}],"predecessor-version":[{"id":798,"href":"https:\/\/intelgiga.com.br\/bcommerceloja\/wp-json\/wp\/v2\/pages\/793\/revisions\/798"}],"wp:attachment":[{"href":"https:\/\/intelgiga.com.br\/bcommerceloja\/wp-json\/wp\/v2\/media?parent=793"}],"curies":[{"name":"wp","href":"https:\/\/api.w.org\/{rel}","templated":true}]}}